{"id":685,"date":"2018-07-25T15:06:42","date_gmt":"2018-07-25T18:06:42","guid":{"rendered":"https:\/\/escueladecine9017-mza.infd.edu.ar\/sitio\/?page_id=685"},"modified":"2024-09-12T22:13:21","modified_gmt":"2024-09-13T01:13:21","slug":"autoridades","status":"publish","type":"page","link":"https:\/\/escueladecine9017-infd.mendoza.edu.ar\/sitio\/institucional\/autoridades\/","title":{"rendered":"Autoridades"},"content":{"rendered":"\n<pre class=\"wp-block-preformatted\">Consejo Directivo<\/pre>\n\n\n\n<p>Rector: Lic.<em> Patricio Pina<\/em><\/p>\n\n\n\n<p>Directora: <em>Prof. Gabriela Piro<\/em><\/p>\n\n\n\n<p>Claustro Docente: <em>Prof. Hern\u00e1n Gonz\u00e1lez, Mgter. Gustavo Casanova, Prof. Laura Valdivieso,  Prof. Andr\u00e9s Fontana y Prof. Mario <\/em><\/p>\n\n\n\n<p><em>Sall\u00e9s, Prof. Maximo Becci, Prof. Fernando Veloso, Lic. Sandra Nieto.<\/em><\/p>\n\n\n\n<p>Claustro No Docente: <em>Sra. Dina P\u00e9rez <\/em><\/p>\n\n\n\n<p>Claustro Alumnos: Valent\u00edn Carmona, David Bou, Martina Garc\u00eda, Selva Mena, Noelia Komizarki<\/p>\n\n\n\n<p>Contacto:\u00a0escuelamzacine@gmail.com<\/p>\n\n\n<p>\u00a0<\/p>\n<pre>Secretar\u00eda<\/pre>\n<p>Nombre y Apellido:<em> Prof. Laura Valdivieso<\/em><\/p>\n<p><span data-mce-mark=\"1\">Bedel\u00eda: Abog. Griselda Serresone <em>T\u00e9c. Silvia Comellas<\/em><\/span><\/p>\n<p><span data-mce-mark=\"1\">E-mail: <\/span><em>escinesecretaacadem@gmail.com<\/em><\/p>\n<pre id=\"block-0974a9da-53f6-4a9a-8b4f-83e8d80832ce\" class=\"block-editor-rich-text__editable wp-block-preformatted block-editor-block-list__block wp-block is-selected rich-text\" tabindex=\"0\" role=\"group\" contenteditable=\"true\" aria-multiline=\"true\" aria-label=\"Bloque: Preformateado\" data-block=\"0974a9da-53f6-4a9a-8b4f-83e8d80832ce\" data-type=\"core\/preformatted\" data-title=\"Preformateado\">\u00c1rea de Extensi\u00f3n Cultural y Relaciones Institucionales<\/pre>\n<p>Jefatura: T\u00e9c. Luc\u00eda Bracelis<\/p>\n<p><span data-mce-mark=\"1\">E-mail: escueladecineyfoto@gmail.com<\/span><\/p>\n<pre>\u00c1rea de Investigaci\u00f3n<\/pre>\n<p><em>Jefatura: Mgter. Gustavo Casanova<\/em><\/p>\n<p><span data-mce-mark=\"1\">Investigadores: Prof. Cecilia Nazrala y Prof. Javier D\u00edaz<\/span><\/p>\n<p><span data-mce-mark=\"1\">Auxiliar: Lic. <em>Sandra Nieto<\/em><\/span><\/p>\n<p><span data-mce-mark=\"1\">E-mail: <em>erccvinvestiga@gmail.com<\/em><\/span><\/p>\n<pre>Centro de Producci\u00f3n<\/pre>\n<p>Jefatura: <em>Prof. Carlos Canale<\/em><\/p>\n<p>Auxiliares docentes: <em>Prof. Andr\u00e9s Fontana y Carlos Alcalde<\/em><\/p>\n<pre>Centro de Informaci\u00f3n y Documentaci\u00f3n (CID)<\/pre>\n<p>Jefatura: <em>Lic. Sandra Nieto<\/em><\/p>\n<p>Docentes: <em>Prof. Gabriela Piro y Prof. Carina Piazza<\/em><\/p>\n<p>Bibliotecaria: Bib. <em>Marita Santander<\/em><\/p>\n<p>Administradora de redes y soporte t\u00e9cnico: Esp. Sebasti\u00e1n Vargas<\/p>\n<p>Contacto: cid.ecineyvideo@gmail.com y escueladecinecid@gmail.com<\/p>\n<pre>Comisi\u00f3n Cooperadora<\/pre>\n<p>Contacto: coopescuelacine@gmail.com<\/p>\n\n\n<p><\/p>\n","protected":false},"excerpt":{"rendered":"<p>Consejo Directivo Rector: Lic. Patricio Pina Directora: Prof. Gabriela Piro Claustro Docente: Prof. Hern\u00e1n Gonz\u00e1lez, Mgter. Gustavo Casanova, Prof. Laura Valdivieso, Prof. Andr\u00e9s Fontana y Prof. Mario Sall\u00e9s, Prof. Maximo Becci, Prof. Fernando Veloso, Lic. Sandra Nieto. Claustro No Docente: Sra. Dina P\u00e9rez Claustro Alumnos: Valent\u00edn Carmona, David Bou, Martina Garc\u00eda, Selva Mena, Noelia Komizarki &#8230; <a title=\"Autoridades\" class=\"read-more\" href=\"https:\/\/escueladecine9017-infd.mendoza.edu.ar\/sitio\/institucional\/autoridades\/\" aria-label=\"More on Autoridades\">[+]<\/a><\/p>\n","protected":false},"author":6,"featured_media":0,"parent":683,"menu_order":0,"comment_status":"closed","ping_status":"closed","template":"","meta":[],"acf":[],"_links":{"self":[{"href":"https:\/\/escueladecine9017-infd.mendoza.edu.ar\/sitio\/wp-json\/wp\/v2\/pages\/685"}],"collection":[{"href":"https:\/\/escueladecine9017-infd.mendoza.edu.ar\/sitio\/wp-json\/wp\/v2\/pages"}],"about":[{"href":"https:\/\/escueladecine9017-infd.mendoza.edu.ar\/sitio\/wp-json\/wp\/v2\/types\/page"}],"author":[{"embeddable":true,"href":"https:\/\/escueladecine9017-infd.mendoza.edu.ar\/sitio\/wp-json\/wp\/v2\/users\/6"}],"replies":[{"embeddable":true,"href":"https:\/\/escueladecine9017-infd.mendoza.edu.ar\/sitio\/wp-json\/wp\/v2\/comments?post=685"}],"version-history":[{"count":19,"href":"https:\/\/escueladecine9017-infd.mendoza.edu.ar\/sitio\/wp-json\/wp\/v2\/pages\/685\/revisions"}],"predecessor-version":[{"id":1036,"href":"https:\/\/escueladecine9017-infd.mendoza.edu.ar\/sitio\/wp-json\/wp\/v2\/pages\/685\/revisions\/1036"}],"up":[{"embeddable":true,"href":"https:\/\/escueladecine9017-infd.mendoza.edu.ar\/sitio\/wp-json\/wp\/v2\/pages\/683"}],"wp:attachment":[{"href":"https:\/\/escueladecine9017-infd.mendoza.edu.ar\/sitio\/wp-json\/wp\/v2\/media?parent=685"}],"curies":[{"name":"wp","href":"https:\/\/api.w.org\/{rel}","templated":true}]}}